z + 1. Let j(x) = -x**2 + 2*x - 2. Let n be j(2). What is the units digit of w(n)?
1
Let d(c) = c**2 - 8*c + 11. Let t(j) = 1. Let n(u) = d(u) - 3*t(u). Let p be n(7). What is the units digit of 12/2*p + -3?
3
Suppose 4*m = 2*l + 16, 5*l + 2*m = 4*m. Suppose 11*i - 648 = l*i. What is the tens digit of i?
7
Suppose -4*q - 4*f + 32 = 0, 3 = q + 2*f - 6. Suppose -5*b + s = 719, 6*s = -3*b + q*s - 431. What is the units digit of (b/(-40))/(4/30)?
7
Let r(g) = -g - 2. Let k be r(-7). Suppose 2*f + k*w - 53 = 0, -2*w + 3*w + 122 = 3*f. What is the tens digit of f?
3
Let h = -126 + 141. Suppose -h*x + 180 = -10*x. What is the tens digit of x?
3
Let t = -7 + 7. Suppose t*u - 2*u = -22. Suppose -n = -u - 3. What is the tens digit of n?
1
Let g = -4 + 10. Suppose -215 = c - g*c. Let w = c - 30. What is the units digit of w?
3
Let v = 117 + -32. Let q be (-2 + -2)/(-2) + -63. Let x = q + v. What is the units digit of x?
4
Suppose -3*s + 2*s - 40 = -n, 2*n - 4*s - 88 = 0. Let x be 5*(-3)/((-3)/5). What is the tens digit of (n/5)/(5/x)?
3
Suppose -5*s + 5 = -15. Suppose d + 5 = f + 1, 0 = -5*d + s*f - 16. Suppose -h + p + 8 = d, 4*h + p - 68 + 21 = 0. What is the units digit of h?
1
Let y be (9/2)/(2/4). Let k(u) = u**2 - 19*u + 1. Let d(q) = -q**2 + 18*q - 2. Let f(o) = 6*d(o) + 5*k(o). What is the tens digit of f(y)?
2
Let c be (-2 + 0)*6/4. Suppose 5*u = -3*f - 2, 2*f + 26 = -3*f + 3*u. What is the tens digit of -4*c*(2 - f)?
7
Suppose 5*b + 97 = 6*b. Let v = b + -20. Suppose -5*g = -20, -2*z - 4*g - 23 = -v. What is the units digit of z?
9
Let v(a) be the first derivative of -a**6/360 - 3*a**5/40 - a**4/8 + 2*a**3 + 3. Let o(s) be the third derivative of v(s). What is the units digit of o(-4)?
7
Let j(a) be the first derivative of -a**4 - 4*a**3/3 - 3*a**2/2 - 2. What is the units digit of j(-2)?
2
Let k be (50/(-5))/(2/(-18)). Suppose 5*y - 35 = k. What is the tens digit of y?
2
Suppose 16*p - 18*p = 4, 0 = -u - 4*p + 3628. What is the units digit of u?
6
Let i = 188 + 188. What is the tens digit of i?
7
Suppose 5*o + 1 = 11. Suppose c + o = 0, 4*l - 140 = -2*c + 88. What is the tens digit of l?
5
Let b(g) = -3 - 2 + 6*g - g**2 + 2*g. Suppose -20 = -3*s + 2*u, -3*s - 13 = -6*s - 5*u. What is the units digit of b(s)?
7
Let f(x) = -x**3 - 6*x**2 - 7*x - 5. Let j be f(-5). Let i(z) = 10*z - 32. Let w be i(13). Suppose 0 = j*g - w - 47. What is the tens digit of g?
2
Let x(a) = 23*a + 11. Let s be x(8). Suppose -2*d - 29 = -s. What is the tens digit of d?
8
Suppose -39*r - 1550 = -44*r. What is the tens digit of r?
1
Let w = -982 - -2029. What is the thousands digit of w?
1
Let u(f) = f**3 - f**2 + f - 10. Let k be u(0). Let t(q) = 2*q - 2. Let p be t(1). What is the units digit of (p - 10)/(5/k)?
0
Let c(o) = 70*o**2 - o - 1. Let w be c(-1). Let j = w + 94. What is the hundreds digit of j?
1
Let m(d) = -103*d**3 - d**2. Let q be (-1)/(-3 + 2)*-1. What is the hundreds digit of m(q)?
1
Let x = -13 - -22. Suppose 59 = 5*c + x. What is the units digit of c/((10/4)/5)?
0
Suppose 22*u + 16046 = 78570. What is the units digit of u?
2
Suppose 0 = 5*a - a - 184. What is the tens digit of -11 + 8 + a + -2?
4
Suppose 4*q = 4*l, 0 + 4 = -3*q + 2*l. Let f be (q - -28)/(4/(-6)). Let h = -29 - f. What is the units digit of h?
7
Suppose 2*b - 683 = -4*j + 7*b, -319 = -2*j - 5*b. Let f = 329 - j. What is the tens digit of f?
6
Let a(w) be the third derivative of 0 - 11/12*w**4 - 2/3*w**3 + 0*w - 12*w**2. What is the tens digit of a(-3)?
6
Suppose 4*u - 3*s - 589 = 0, -10 = 3*s - 5*s. Suppose -r = -75 - u. What is the tens digit of r?
2
Suppose -2*o - 3*f = o - 270, 2*o - 2*f = 192. Let x = 94 + o. What is the units digit of x?
7
Suppose 3*n + 9 = 0, 0*s = 3*s - 5*n - 33. Let c(w) be the second derivative of -w**5/20 + 7*w**4/12 + w**3/6 + w**2 + 3*w. What is the tens digit of c(s)?
4
Let i(l) = 15*l**2 - 12*l + 121. What is the tens digit of i(6)?
8
Let a be 4*(1 - 0) - -1. Suppose -a*c + c - 40 = 0. What is the units digit of c*-3*(-4)/(-24)?
5
Let c(r) = r**3 + 4*r**2 - r - 4. Let k be c(-4). Let v be -5 - -3 - (-2 - k). What is the units digit of (v + 5)*1/1?
5
Suppose 5*a - 18 = 22. Let z be (-4)/(-5)*(-45)/6. Let p = a + z. What is the units digit of p?
2
Let h = 5157 + -2519. What is the tens digit of h?
3
Suppose -2*q - 5*b = -2, -3*q - 4*b + 6*b = 35. Let u be (q/12)/((-3)/192). Suppose -s + u = s. What is the units digit of s?
4
Let v(z) = z**3 - 13*z**2 + z - 10. Let p be v(13). Suppose 4*n - 4*x + 9*x - 194 = 0, p*n = -2*x + 149. What is the units digit of n?
1
Let a = 13 - -14. Suppose 22*s + 210 = a*s. What is the units digit of s?
2
Let k(f) = 5*f - 2. Let u = 21 + -18. Let o be k(u). Suppose 5*g = o - 8. What is the units digit of g?
1
Let k(g) = g + 2. Let f be k(-2). Suppose f = -0*y + y - 18. What is the units digit of y?
8
Let d(l) = -l**2 - 11*l - 3. Let i be d(-10). Let u(y) = -6*y + 2. Let f(o) = 25*o - 7. Let z(v) = -2*f(v) - 9*u(v). What is the tens digit of z(i)?
2
Let i(d) be the second derivative of d**3/2 + d. Let v be 13/11 - (13/11 + -1). What is the units digit of i(v)?
3
Let t(c) = c**3 - 6*c + 3. Let k be t(3). What is the units digit of 3*(-4)/k*(-110)/2?
5
Let a(p) = -3*p**2 - 9*p - 1. Let g(k) = -4*k**2 - 10*k. Let c(f) = -5*a(f) + 4*g(f). Suppose -24*b = 4*b - 140. What is the units digit of c(b)?
5
Suppose -u - 122 = -t, 4*t = -5*u + t - 586. Let b = u + 254. Suppose 4*c = -c + b. What is the tens digit of c?
2
Let x = -1220 - -6860. What is the thousands digit of x?
5
Let m(x) = 2*x**3 - 54*x**2 - 37*x - 14. Let d be m(28). Let z = -286 + d. What is the units digit of z?
2
Suppose 2*k = 27*m - 28*m + 842, 0 = m - 2*k - 858. What is the hundreds digit of m?
8
Let r = 321 - 215. What is the units digit of r?
6
Let g(x) = 174*x + 25. What is the units digit of g(8)?
7
What is the units digit of -3 + 25854/22 - 4/22?
2
Let b = -4 + 11. What is the units digit of (-3 - 0)/((147/(-2338))/b)?
4
Suppose 5*o - p - 39 = 0, 2 = -o - 4*p - 7. Suppose 0 = -o*t + 2*t - 2*x + 202, -3*t + 2*x = -134. What is the units digit of t?
2
Let m(r) = -5*r**2 + 8*r + 15. Let j be m(-5). What is the tens digit of (21/(-2))/(15/j)?
0
Suppose -5*h = -4*j + 125, -h - 3*h - 2*j = 74. Let r(z) = -z**3 - 22*z**2 - 25*z - 27. What is the tens digit of r(h)?
5
Let c be (0/(-3))/(15/(-5)). Suppose c = -0*d + 4*d - 12. Suppose -159 = -d*g - n - 53, -g - 2*n = -42. What is the units digit of g?
4
Let u(b) = 2*b**2 - 3*b - 4. Let k be u(3). Let r(c) = 16*c - 4. Let s be r(1). Let j = s - k. What is the units digit of j?
7
Let a(b) = -b**2 - 86*b + 454. What is the tens digit of a(-63)?
0
Let q(v) = 46*v**2 - v**2 + 0*v - 2*v + 10*v**2 - 2. What is the units digit of q(-1)?
5
Suppose 5*s - p - 12 = 0, -24 = -5*s - 0*p - 3*p. Let g(d) = -1 - 2*d**2 + d**2 - s + 7*d - 2*d. What is the units digit of g(3)?
2
Suppose 0 = -u + j + 40, 36 = u + j - 3*j. Let w = -4 + u. What is the tens digit of w?
4
What is the tens digit of (-48)/(2/(-10)*90/351)?
3
Let g(x) = x**3 + 4*x**2 + 15*x - 33. What is the tens digit of g(8)?
5
Let h(n) = 4*n - 15. Let y be h(6). Let s(p) = -4*p - 3. Let z be s(y). What is the units digit of 4/8 - z/2?
0
Let q be (-1)/(-5) + (-5032)/(-40). Suppose 0 = 2*i - q - 130. What is the tens digit of i?
2
Suppose k - 4*x = -6 - 5, -2*x = -5*k - 91. Let w = k - -29. What is the tens digit of w?
1
Suppose 3*x - 2*f - 14 + 1 = 0, 2*f = -2*x + 12. Suppose x*p = -4*y - 40, 2*y = -p - 4*p - 40. Let h = p + 14. What is the units digit of h?
6
Suppose 0 = 8*z + 458 - 1610. What is the tens digit of z?
4
Suppose 1945 + 584 = 3*r. What is the tens digit of r?
4
Let a(t) be the third derivative of t**6/120 + t**5/15 + t**4/24 + 3*t**3/2 - 4*t**2. Let c be a(-4). Suppose c*d = 3*d + 42. What is the tens digit of d?
2
Suppose -4 = z - 36. Suppose -4*i + 12 = 2*t, -6*i + 2*i + z = -3*t. What is the units digit of (1/(t/56))/(-2)?
7
Suppose -609*a = -615*a + 228. What is the tens digit of a?
3
Suppose 3*r = -4*w + 4*r - 61, -3*w - 4*r = 22. Let x(v) be the first derivative of -v**2 - 21*v - 3. What is the units digit of x(w)?
7
Let f(k) = -k + 10. Suppose -3*l = -6*d + 4*d - 28, -5*l - d = -25. Let v be f(l). Suppose -v*q - 5 = 5*n, -5 - 8 = -n + 2*q. What is the units